 55. Let q be u(-6). Let s(i) = -6*i + 2*i + 3*i + q*i. Give s(5).
30
Let v be (-1)/((-5)/20*-2). Let g be 25 + -23 + (-4)/(v + 0). Let w(r) = r**2 + 2*r - 8. Let f(l) = l**2 + 2*l - 7. Let j(s) = g*w(s) - 5*f(s). What is j(2)?
-5
Suppose -742 = -5*r - 2*r. Let d(k) = -43 - 56 - k + r. Let i(b) = -b + 6. Let s be i(6). Calculate d(s).
7
Let y(n) = n**3 + 98615*n**2 - 49297*n**2 + 2 - 49310*n**2. Let j(x) = -9*x**2 - 2*x - 1. Let b be j(-1). Calculate y(b).
2
Let y = -15401 - -15396. Let t(m) = 4*m + 13. Let o(s) = -s + 1. Let i(v) = -2*o(v) - t(v). What is i(y)?
-5
Let q(f) = -49*f**3 + 5*f**2 + 50*f**3 - 7 - 11*f**2 - 6*f. Give q(7).
0
Let f(t) be the second derivative of t**4/12 + t**3 + 11*t**2/2 + 20*t. Let o be f(-5). Let u(d) = d - 2*d + d**2 - 2*d - o + 7*d. Determine u(-6).
6
Let p(r) = 2*r**2 + 267424*r - 267438*r - 5 - r**2. Determine p(14).
-5
Let o(g) = g**2 - 6*g - 12. Let z = -4091 - -4089. Determine o(z).
4
Let o(n) = 34417*n + 34415*n + 616 - 68807*n. Determine o(-25).
-9
Suppose 6*g = -2*g - 64. Let v be 0/(3*g/(-12)). Let a(i) = -4 + v + 2*i - 6*i + 2 - 2*i**2. Determine a(-3).
-8
Let p(w) = 4*w**2 - w - 29. Let b(x) = -9*x**2 + 3*x + 62. Let a(z) = -3*b(z) - 7*p(z). Determine a(-4).
9
Let h(j) = -j + 9. Let r(b) = b**3 - 10*b**2 + 11*b - 18. Let w = 409 - 400. Let o be r(w). What is h(o)?
9
Let j(w) be the second derivative of -7*w**3/3 + 331*w**2/2 - 26*w + 3. Calculate j(24).
-5
Suppose -129*s = -127*s - 6. Let p(l) = -l + 15 - 37 + 6 - l**s + 0*l. What is p(0)?
-16
Let x(b) = 2*b + 1. Let a = 84 - -35. Suppose -5*u + 16 + a = -c, 3*u - 103 = 5*c. Suppose 35 = 31*t - u*t. Calculate x(t).
15
Let o(s) be the third derivative of -s**5/12 - s**4/12 - s**3/3 - 1857*s**2. Suppose -3*m - 8 = t + t, -3*t + 7 = -5*m. Give o(t).
-5
Let v = 294 + -302. Let p be (-27)/12 + 14/v. Let z(f) be the third derivative of -f**5/30 - 5*f**4/24 + f**3/3 + 2*f**2. Calculate z(p).
-10
Let o(u) = u - 5. Let j = 24 - 48. Let v be 4/j + 1 + 50/12. Suppose 0*h = v*h. Give o(h).
-5
Let a(x) = 5*x**2 - 873 + 0*x**3 + x**3 + x**2 + 870. Let d be ((-12)/(-15))/(-1)*-10. Let r = 2 - d. Determine a(r).
-3
Let g(u) be the third derivative of u**4/12 + 22*u**3/3 + 2*u**2 - 2*u - 270. What is g(-13)?
18
Suppose 16*l - 4*k = 21*l + 48, l - 5*k = 2. Let s(i) = -i + 26. Give s(l).
34
Let l(j) = -j**3 + 5*j**2 - 6*j + 3. Let i(f) = f**3 + 5*f**2 - 2*f - 6. Let p be i(-5). Suppose -8 = p*a + 2*o - 18, 2*a = 2*o + 14. Calculate l(a).
-5
Let s be ((36/16)/(21/8))/(381/(-1778)). Let x(z) = z**2 - z - 18. Give x(s).
2
Suppose 2*z - 4*b = 0, -2*b + 60 = 2*z + 3*z. Let y(p) be the third derivative of -p**5/60 + p**4/2 - 11*p**3/3 - 18*p**2 + 6. Determine y(z).
-2
Let n(a) = 10*a. Suppose 16 = -5*s + 76. Suppose 7*j - 5 = -s. What is n(j)?
-10
Let l(g) = 17*g + 9. Let c(b) = -9*b. Let w(a) = -4*c(a) - 2*l(a). Calculate w(10).
2
Suppose c = o + 14, 2*c + 37 = 5*c + 2*o. Let u(g) = -2*g**2 + 29*g - 39. What is u(c)?
0
Let u be (-15)/35 - (-12)/28. Suppose u*v + 15 = 5*v. Suppose -r - c - c - 7 = 0, 4*r - v*c + 17 = 0. Let p(n) = -n**2 - 5*n + 2. Calculate p(r).
2
Let j be 1/3 + 2/3. Suppose -1 = u - j. Let l(a) = 4 + u - 2 - 6*a. Calculate l(2).
-10
Let r(q) = 4*q**3 + q**2 - 3*q - 6. Let s(p) = -5*p**3 + 2*p + 8. Suppose 5*g + 10 = 0, 6 = 4*l - 0*l + 3*g. Let a(t) = l*s(t) + 4*r(t). Determine a(-5).
5
Let o(x) be the first derivative of 5*x**2/2 - 3*x + 39. Suppose -14 = -4*d - 9*t + 7*t, 0 = -4*d + 5*t - 7. Give o(d).
7
Let y(c) = -c**2 + 25*c + 162. Suppose 0 = -3*x + 5*h + 105, 5*x + 28*h - 32*h = 162. What is y(x)?
12
Let c(s) = -2*s + 30. Suppose 5*f - 8 = 4*d + f, 2*d + f - 11 = 0. Let o(t) = t - 16. Let m(q) = d*c(q) + 5*o(q). Give m(10).
0
Let s = 7006 - 7031. Let z(r) = 2*r**2 + 52*r + 46. Calculate z(s).
-4
Let h(q) = q**3 + 25*q**2 + 24*q - 15. Let v(o) = -23*o**3 - 2*o**2 - o + 2. Let b be v(1). Give h(b).
-15
Let x(c) = -c - 12. Let r be (-1 - (1 - 3))/(-1 - 0). Let k be (-14 + -3 + r)*(-8)/6. Suppose -2*o = k - 12. Determine x(o).
-6
Let i = 775 - 791. Let y(h) = -h**3 - 18*h**2 - 33*h + 6. What is y(i)?
22
Let w(u) = -u**3 + u**2 - 25. Suppose 2*c - 15 = 3*h, 18*c + 2*h = 13*c - 10. Determine w(c).
-25
Let s(x) = -10*x + 450. Let k(w) = 39*w - 1795. Let m(y) = 2*k(y) + 9*s(y). What is m(38)?
4
Suppose a + 5*r = 22 - 35, -a + 5*r + 47 = 0. Let b(j) = j**3 - 15*j**2 - 32*j - 42. Determine b(a).
-8
Let i(g) be the first derivative of 5*g**2/2 - 51*g - 2700. Give i(7).
-16
Let j(z) be the third derivative of -z**4/3 + 2*z**3 - z**2 - 1928. What is j(3)?
-12
Let u(b) = -b**3 + 5*b**2 - b + 5. Let g(p) = p**3 - 6*p**2 - 8*p + 38. Let a be g(6). Let d(t) = -t**2 - 8*t + 25. Let v be d(a). What is u(v)?
0
Let y(j) be the third derivative of 1/60*j**5 + 0*j - 1/3*j**4 + 2/3*j**3 + 279*j**2 + 0. Let t = 0 - -5. Determine y(t).
-11
Let a(s) = -8*s**2 - 130*s - 17. Let n be a(-16). Let w(u) = n*u + 2*u - 18*u + 5. What is w(-6)?
11
Let c(b) = -7*b**2 + 17*b + 13. Let m(d) = -34*d**2 + 80*d + 66. Let u(o) = -19*c(o) + 4*m(o). Calculate u(-5).
-43
Let u be 3/(33/6 + -19 + 12). Let q(x) = 63*x + 2. What is q(u)?
-124
Let l(h) = 247*h + 16. Let w(m) = 576*m + 38. Let a(y) = 7*l(y) - 3*w(y). Suppose 0 = k - 4*k - 12. Determine a(k).
-6
Let l(g) = -g**2 + 21*g - 11. Let j be l(19). Let t be (-84)/(-10) + j/45. Let x(k) = k**2 - 11*k + 10. Determine x(t).
-8
Let j(m) = m - 24. Let l be j(9). Let f(n) = n**2 + 13*n - 14. Let g be f(l). Suppose 3*o + b = -29, b = o + o + g. Let z(c) = -c**2 - 8*c + 12. Determine z(o).
3
Let u(d) = d - 7. Let y(c) = -29*c**3 + 2*c - 2. Let p be y(2). Let n = p + 236. Give u(n).
-1
Let d(r) = 11*r - 26. Let j = -23 - -27. Let c be (-2 + j - 4)*(-7)/(-2). Let s(b) = 5*b - 12. Let o(k) = c*s(k) + 3*d(k). What is o(8)?
-10
Suppose 56 = 5*o + 3*i, 9*o = 8*o - 4*i + 18. Let v(u) = 14 - 5 - u + 7 - 7. Determine v(o).
-1
Let z(x) = -x - 9. Let p(b) = b + 8. Let k(t) = -3*p(t) - 2*z(t). Let w(i) = 119*i - 479. Let j be w(4). Determine k(j).
-3
Let d(v) = -v**2 + 16*v - 63. Let h be d(9). Let a(y) = -602*y + h*y**2 - y**2 + 2 + 599*y. Give a(-5).
-8
Let i(w) = w**3 + 15*w**2 - 13*w + 4. Let j be i(-14). Let c = j - 387. Let l(n) = 5*n - 6. Give l(c).
-31
Suppose -3*k = 9 + 6. Let p(b) = 3*b**2 - 4*b. Let o(h) = 14*h**2 - 22*h + 8. Let l(v) = -o(v) + 5*p(v). Calculate l(k).
7
Let x(y) = -2*y**2 + 22*y - 35. Let p be ((-30)/(-25))/(88/(-132) - (-49)/60). Determine x(p).
13
Let f(h) = h**3 - 4*h**2 + 9*h - 10. Let q = -6327 + 6330. Give f(q).
8
Let w(f) = -f**3 + 16*f**2 + f - 22. Let q be w(16). Let z(u) be the first derivative of 1/2*u**2 - 17 + 2*u**3 + 1/4*u**4 - 3*u. Calculate z(q).
-9
Let v be 3 + 12/8*-16. Let r be (-54)/(-42) - (-6)/v. Let b(a) = r + 7 - 71*a - 2 + 65*a + a**2. Determine b(4).
-2
Let p(f) be the first derivative of -f**4/4 + 2*f**3/3 + f**2 - 3*f + 14839. Let h be 2 + 0*(-2)/2. Calculate p(h).
1
Let x(c) = -c**2 + 19*c - 36. Let h(o) = o**2 + 38*o - 64. Let i be h(-40). Give x(i).
12
Let r(p) = 3*p + 8. Suppose 195 = -3*f + 189. Let q be f/29 + (-3289)/667. Determine r(q).
-7
Suppose -3720 = 37*z - 3535. Let l(u) = 6*u + 34. What is l(z)?
4
Let n(g) = 31*g**3 - 4*g**2 + 23*g - 1. Let j be n(4). Let w(h) = -6*h**3 + 2011*h**2 - j*h**2 - 2*h + h. Calculate w(-1).
7
Let m(h) = h**2 + 33*h + 264. Suppose -97 = 3*j - 5*t, 8*j = -0*j + 3*t - 176. Determine m(j).
-2
Suppose -4*c - 3*j - 3 = -7*c, -2*c - 26 = 5*j. Let r be 4/(-10) + c + (-62)/(-5). Let u(h) = -3*h - 10*h - 2 - r*h + 20*h. Determine u(5).
-12
Let m(y) = -11*y**2 - 26*y - 69. Let l(i) = 5*i**2 + 2*i - 2. Let x(c) = -2*l(c) - m(c). Calculate x(-17).
-12
Let u(d) = 2*d**2 + 17*d + 8. Suppose -k + 0*k + 1 = 4*g, -3*k - 5*g = 18. What is u(k)?
63
Let s(n) be the third derivative of 1/120*n**6 - n**2 - 1/15*n**5 - 7/24*n**4 + 126 + 2/3*n**3 + 0*n. Calculate s(5).
-6
Let t(o) = o + 2. Let a(v) = -v - 2. Let z(d) = -2*a(d) - 3*t(d). Let b be (8 + (-27)/(-6))*4/10. Give z(b).
-7
Let c(z) be the first derivative of 13*z**2/2 - 23*z + 3234. Give c(-4).
-75
Let a(f) = f**3 + 5*f**2 + 7. Let z be (-7833)/(-84) + 2/(-8). Let n = -92 + z. Let d(h) = -h**2 - 1. Let j(s) = n*a(s) + 3*d(s). Determine j(-3).
-5
Let c(k) = 7*k - 125. Let t be (8 - 2 - 2)/((84/(-54))/(-7)). Calculate c(t).
1